{"id":1048,"date":"2020-04-12T21:12:27","date_gmt":"2020-04-12T19:12:27","guid":{"rendered":"http:\/\/bsbmetalic.com\/overtheclouds\/?page_id=417"},"modified":"2020-04-12T21:12:27","modified_gmt":"2020-04-12T19:12:27","slug":"a-propos-des-etats-unis","status":"publish","type":"page","link":"https:\/\/www.overtheclouds.eu\/index.php\/fr\/a-propos-des-etats-unis\/","title":{"rendered":"Qui sommes-nous"},"content":{"rendered":"\n<h3 class=\"has-text-align-center wp-block-heading\">Au-dessus des nuages<\/h3>\n\n\n\n<div class=\"wp-block-group\"><div class=\"wp-block-group__inner-container is-layout-flow wp-block-group-is-layout-flow\">\n<div class=\"wp-block-group\"><div class=\"wp-block-group__inner-container is-layout-flow wp-block-group-is-layout-flow\">\n<p>Da<strong>ns Over the Cloud<\/strong>s, nous planifions et ex\u00e9cutons des itin\u00e9raires de montagne pour atteindre les sommets, faisant des excursions qui seront normalement \u00e0 pied ou pas beaucoup de gens ont soulev\u00e9 qui est possible de faire sur deux roues. Nous les enregistrons, nous les analysons et nous les montrons ordonn\u00e9s et tri\u00e9s par difficult\u00e9, zone g\u00e9ographique et, surtout, le pourcentage de lacyclabilit\u00e9.<\/p>\n\n\n\n<p>Over The Clouds est un projet n\u00e9 de la d\u00e9couverte de v\u00e9los \u00e9lectriques ou d\u2019<em>e-bike<\/em> et de l\u2019\u00e9norme potentiel de cette discipline. Tout le monde n\u2019a pas la capacit\u00e9 et la fa\u00e7on physique de faire de grands et longs itin\u00e9raires en maintenant l\u2019objectif principal de tout c<strong>ela: s\u2019amuse<\/strong>r.<\/p>\n\n\n\n<p>Nous sommes des amoureux de la nature et des deux roues et nous cherchons \u00e0 partager des vues et des exp\u00e9riences avec d\u2019autres amateurs de v\u00e9lo, et de d\u00e9couvrir qu\u2019avec un e-bike il est possible de faire ces itin\u00e9raires.<\/p>\n\n\n\n<p>Si vous ne savez rien de nous, vous nous trouverez s\u00fbrement \u00e0 un sommet des Pyr\u00e9n\u00e9es catalanes, Fran\u00e7ais ou andorranes.<\/p>\n<\/div><\/div>\n<\/div><\/div>\n\n\n\n<div class=\"wp-block-image\"><figure class=\"aligncenter size-large\"><img loading=\"lazy\" decoding=\"async\" width=\"1024\" height=\"768\" src=\"http:\/\/www.overtheclouds.eu\/wp-content\/uploads\/2020\/04\/IMG_7574-1-1024x768.jpg\" alt=\"Tossa Plana de Lles\" class=\"wp-image-806\" srcset=\"https:\/\/www.overtheclouds.eu\/wp-content\/uploads\/2020\/04\/IMG_7574-1-1024x768.jpg 1024w, https:\/\/www.overtheclouds.eu\/wp-content\/uploads\/2020\/04\/IMG_7574-1-300x225.jpg 300w, https:\/\/www.overtheclouds.eu\/wp-content\/uploads\/2020\/04\/IMG_7574-1-768x576.jpg 768w, https:\/\/www.overtheclouds.eu\/wp-content\/uploads\/2020\/04\/IMG_7574-1-730x547.jpg 730w, https:\/\/www.overtheclouds.eu\/wp-content\/uploads\/2020\/04\/IMG_7574-1-640x480.jpg 640w, https:\/\/www.overtheclouds.eu\/wp-content\/uploads\/2020\/04\/IMG_7574-1-820x615.jpg 820w, https:\/\/www.overtheclouds.eu\/wp-content\/uploads\/2020\/04\/IMG_7574-1.jpg 1184w\" sizes=\"(max-width: 1024px) 100vw, 1024px\" \/><figcaption>Jaume et Joan-in laTossa Plana de Lles<\/figcaption><\/figure><\/div>\n","protected":false},"excerpt":{"rendered":"<p>Au-dessus des nuages Dans Over the Clouds, nous planifions et ex\u00e9cutons des itin\u00e9raires de montagne pour atteindre les sommets, faisant des excursions qui seront normalement \u00e0 pied ou pas beaucoup de gens ont soulev\u00e9 qui est possible de faire sur &hellip; <a href=\"https:\/\/www.overtheclouds.eu\/index.php\/fr\/a-propos-des-etats-unis\/\" class=\"more-link\"><span class=\"more-button\">TOTA LA RUTA AQU\u00cd<span class=\"screen-reader-text\">Qui sommes-nous<\/span><\/span><\/a><\/p>\n","protected":false},"author":1,"featured_media":0,"parent":0,"menu_order":0,"comment_status":"closed","ping_status":"closed","template":"","meta":{"_exactmetrics_skip_tracking":false,"_exactmetrics_sitenote_active":false,"_exactmetrics_sitenote_note":"","_exactmetrics_sitenote_category":0,"footnotes":""},"yoast_head":"<!-- This site is optimized with the Yoast SEO plugin v22.7 - https:\/\/yoast.com\/wordpress\/plugins\/seo\/ -->\n<title>Qui sommes-nous &#8211; Over the Clouds<\/title>\n<meta name=\"description\" content=\"Over the Clouds\" \/>\n<meta name=\"robots\" content=\"index, follow, max-snippet:-1, max-image-preview:large, max-video-preview:-1\" \/>\n<link rel=\"canonical\" href=\"https:\/\/www.overtheclouds.eu\/index.php\/fr\/a-propos-des-etats-unis\/\" \/>\n<meta property=\"og:locale\" content=\"es_ES\" \/>\n<meta property=\"og:type\" content=\"article\" \/>\n<meta property=\"og:title\" content=\"Qui sommes-nous &#8211; Over the Clouds\" \/>\n<meta property=\"og:description\" content=\"Over the Clouds\" \/>\n<meta property=\"og:url\" content=\"https:\/\/www.overtheclouds.eu\/index.php\/fr\/a-propos-des-etats-unis\/\" \/>\n<meta property=\"og:site_name\" content=\"Over the Clouds\" \/>\n<meta property=\"og:image\" content=\"http:\/\/www.overtheclouds.eu\/wp-content\/uploads\/2020\/04\/IMG_7574-1-1024x768.jpg\" \/>\n<meta name=\"twitter:card\" content=\"summary_large_image\" \/>\n<meta name=\"twitter:label1\" content=\"Tiempo de lectura\" \/>\n\t<meta name=\"twitter:data1\" content=\"1 minuto\" \/>\n<script type=\"application\/ld+json\" class=\"yoast-schema-graph\">{\"@context\":\"https:\/\/schema.org\",\"@graph\":[{\"@type\":\"WebPage\",\"@id\":\"https:\/\/www.overtheclouds.eu\/index.php\/fr\/a-propos-des-etats-unis\/\",\"url\":\"https:\/\/www.overtheclouds.eu\/index.php\/fr\/a-propos-des-etats-unis\/\",\"name\":\"Qui sommes-nous &#8211; Over the Clouds\",\"isPartOf\":{\"@id\":\"https:\/\/www.overtheclouds.eu\/#website\"},\"primaryImageOfPage\":{\"@id\":\"https:\/\/www.overtheclouds.eu\/index.php\/fr\/a-propos-des-etats-unis\/#primaryimage\"},\"image\":{\"@id\":\"https:\/\/www.overtheclouds.eu\/index.php\/fr\/a-propos-des-etats-unis\/#primaryimage\"},\"thumbnailUrl\":\"http:\/\/www.overtheclouds.eu\/wp-content\/uploads\/2020\/04\/IMG_7574-1-1024x768.jpg\",\"datePublished\":\"2020-04-12T19:12:27+00:00\",\"dateModified\":\"2020-04-12T19:12:27+00:00\",\"description\":\"Over the Clouds\",\"breadcrumb\":{\"@id\":\"https:\/\/www.overtheclouds.eu\/index.php\/fr\/a-propos-des-etats-unis\/#breadcrumb\"},\"inLanguage\":\"es\",\"potentialAction\":[{\"@type\":\"ReadAction\",\"target\":[\"https:\/\/www.overtheclouds.eu\/index.php\/fr\/a-propos-des-etats-unis\/\"]}]},{\"@type\":\"ImageObject\",\"inLanguage\":\"es\",\"@id\":\"https:\/\/www.overtheclouds.eu\/index.php\/fr\/a-propos-des-etats-unis\/#primaryimage\",\"url\":\"https:\/\/www.overtheclouds.eu\/wp-content\/uploads\/2020\/04\/IMG_7574-1.jpg\",\"contentUrl\":\"https:\/\/www.overtheclouds.eu\/wp-content\/uploads\/2020\/04\/IMG_7574-1.jpg\",\"width\":1184,\"height\":888,\"caption\":\"Tossa Plana de Lles\"},{\"@type\":\"BreadcrumbList\",\"@id\":\"https:\/\/www.overtheclouds.eu\/index.php\/fr\/a-propos-des-etats-unis\/#breadcrumb\",\"itemListElement\":[{\"@type\":\"ListItem\",\"position\":1,\"name\":\"Inici\",\"item\":\"https:\/\/www.overtheclouds.eu\/\"},{\"@type\":\"ListItem\",\"position\":2,\"name\":\"Qui sommes-nous\"}]},{\"@type\":\"WebSite\",\"@id\":\"https:\/\/www.overtheclouds.eu\/#website\",\"url\":\"https:\/\/www.overtheclouds.eu\/\",\"name\":\"Over the Clouds\",\"description\":\"El plaer de rec\u00f3rrer valls, carenes i assolir cims\",\"publisher\":{\"@id\":\"https:\/\/www.overtheclouds.eu\/#organization\"},\"potentialAction\":[{\"@type\":\"SearchAction\",\"target\":{\"@type\":\"EntryPoint\",\"urlTemplate\":\"https:\/\/www.overtheclouds.eu\/?s={search_term_string}\"},\"query-input\":\"required name=search_term_string\"}],\"inLanguage\":\"es\"},{\"@type\":\"Organization\",\"@id\":\"https:\/\/www.overtheclouds.eu\/#organization\",\"name\":\"Over the Clouds\",\"url\":\"https:\/\/www.overtheclouds.eu\/\",\"logo\":{\"@type\":\"ImageObject\",\"inLanguage\":\"es\",\"@id\":\"https:\/\/www.overtheclouds.eu\/#\/schema\/logo\/image\/\",\"url\":\"https:\/\/www.overtheclouds.eu\/wp-content\/uploads\/2020\/02\/logo-4.png\",\"contentUrl\":\"https:\/\/www.overtheclouds.eu\/wp-content\/uploads\/2020\/02\/logo-4.png\",\"width\":612,\"height\":418,\"caption\":\"Over the Clouds\"},\"image\":{\"@id\":\"https:\/\/www.overtheclouds.eu\/#\/schema\/logo\/image\/\"}}]}<\/script>\n<!-- \/ Yoast SEO plugin. -->","yoast_head_json":{"title":"Qui sommes-nous &#8211; Over the Clouds","description":"Over the Clouds","robots":{"index":"index","follow":"follow","max-snippet":"max-snippet:-1","max-image-preview":"max-image-preview:large","max-video-preview":"max-video-preview:-1"},"canonical":"https:\/\/www.overtheclouds.eu\/index.php\/fr\/a-propos-des-etats-unis\/","og_locale":"es_ES","og_type":"article","og_title":"Qui sommes-nous &#8211; Over the Clouds","og_description":"Over the Clouds","og_url":"https:\/\/www.overtheclouds.eu\/index.php\/fr\/a-propos-des-etats-unis\/","og_site_name":"Over the Clouds","og_image":[{"url":"http:\/\/www.overtheclouds.eu\/wp-content\/uploads\/2020\/04\/IMG_7574-1-1024x768.jpg"}],"twitter_card":"summary_large_image","twitter_misc":{"Tiempo de lectura":"1 minuto"},"schema":{"@context":"https:\/\/schema.org","@graph":[{"@type":"WebPage","@id":"https:\/\/www.overtheclouds.eu\/index.php\/fr\/a-propos-des-etats-unis\/","url":"https:\/\/www.overtheclouds.eu\/index.php\/fr\/a-propos-des-etats-unis\/","name":"Qui sommes-nous &#8211; Over the Clouds","isPartOf":{"@id":"https:\/\/www.overtheclouds.eu\/#website"},"primaryImageOfPage":{"@id":"https:\/\/www.overtheclouds.eu\/index.php\/fr\/a-propos-des-etats-unis\/#primaryimage"},"image":{"@id":"https:\/\/www.overtheclouds.eu\/index.php\/fr\/a-propos-des-etats-unis\/#primaryimage"},"thumbnailUrl":"http:\/\/www.overtheclouds.eu\/wp-content\/uploads\/2020\/04\/IMG_7574-1-1024x768.jpg","datePublished":"2020-04-12T19:12:27+00:00","dateModified":"2020-04-12T19:12:27+00:00","description":"Over the Clouds","breadcrumb":{"@id":"https:\/\/www.overtheclouds.eu\/index.php\/fr\/a-propos-des-etats-unis\/#breadcrumb"},"inLanguage":"es","potentialAction":[{"@type":"ReadAction","target":["https:\/\/www.overtheclouds.eu\/index.php\/fr\/a-propos-des-etats-unis\/"]}]},{"@type":"ImageObject","inLanguage":"es","@id":"https:\/\/www.overtheclouds.eu\/index.php\/fr\/a-propos-des-etats-unis\/#primaryimage","url":"https:\/\/www.overtheclouds.eu\/wp-content\/uploads\/2020\/04\/IMG_7574-1.jpg","contentUrl":"https:\/\/www.overtheclouds.eu\/wp-content\/uploads\/2020\/04\/IMG_7574-1.jpg","width":1184,"height":888,"caption":"Tossa Plana de Lles"},{"@type":"BreadcrumbList","@id":"https:\/\/www.overtheclouds.eu\/index.php\/fr\/a-propos-des-etats-unis\/#breadcrumb","itemListElement":[{"@type":"ListItem","position":1,"name":"Inici","item":"https:\/\/www.overtheclouds.eu\/"},{"@type":"ListItem","position":2,"name":"Qui sommes-nous"}]},{"@type":"WebSite","@id":"https:\/\/www.overtheclouds.eu\/#website","url":"https:\/\/www.overtheclouds.eu\/","name":"Over the Clouds","description":"El plaer de rec\u00f3rrer valls, carenes i assolir cims","publisher":{"@id":"https:\/\/www.overtheclouds.eu\/#organization"},"potentialAction":[{"@type":"SearchAction","target":{"@type":"EntryPoint","urlTemplate":"https:\/\/www.overtheclouds.eu\/?s={search_term_string}"},"query-input":"required name=search_term_string"}],"inLanguage":"es"},{"@type":"Organization","@id":"https:\/\/www.overtheclouds.eu\/#organization","name":"Over the Clouds","url":"https:\/\/www.overtheclouds.eu\/","logo":{"@type":"ImageObject","inLanguage":"es","@id":"https:\/\/www.overtheclouds.eu\/#\/schema\/logo\/image\/","url":"https:\/\/www.overtheclouds.eu\/wp-content\/uploads\/2020\/02\/logo-4.png","contentUrl":"https:\/\/www.overtheclouds.eu\/wp-content\/uploads\/2020\/02\/logo-4.png","width":612,"height":418,"caption":"Over the Clouds"},"image":{"@id":"https:\/\/www.overtheclouds.eu\/#\/schema\/logo\/image\/"}}]}},"_links":{"self":[{"href":"https:\/\/www.overtheclouds.eu\/index.php\/wp-json\/wp\/v2\/pages\/1048"}],"collection":[{"href":"https:\/\/www.overtheclouds.eu\/index.php\/wp-json\/wp\/v2\/pages"}],"about":[{"href":"https:\/\/www.overtheclouds.eu\/index.php\/wp-json\/wp\/v2\/types\/page"}],"author":[{"embeddable":true,"href":"https:\/\/www.overtheclouds.eu\/index.php\/wp-json\/wp\/v2\/users\/1"}],"replies":[{"embeddable":true,"href":"https:\/\/www.overtheclouds.eu\/index.php\/wp-json\/wp\/v2\/comments?post=1048"}],"version-history":[{"count":0,"href":"https:\/\/www.overtheclouds.eu\/index.php\/wp-json\/wp\/v2\/pages\/1048\/revisions"}],"wp:attachment":[{"href":"https:\/\/www.overtheclouds.eu\/index.php\/wp-json\/wp\/v2\/media?parent=1048"}],"curies":[{"name":"wp","href":"https:\/\/api.w.org\/{rel}","templated":true}]}}